g. Let y(m) = -6*m - 12. Let v(t) = 5*t + 11. Let z(c) = 5*v(c) + 4*y(c). What is z(p)?
2
Let n = -9 + 9. Suppose n = -5*h + 4 + 11. Let x(g) = 1 + 0 + 5*g - 2*g - g**2. Determine x(h).
1
Let g(d) = -d**3 + 1. Let a(o) = -5*o**3 + 2*o**2 + o + 5. Let s(b) = a(b) - 4*g(b). Suppose j - 3*i = 3, 2*j - 9 = 2*i - 3. Calculate s(j).
-5
Let x(m) = m**3 - 6*m**2 - 4. Let u = 5 + -4. Suppose 0 = 4*d - 25 + u. Suppose 2*r - 6 = d. Determine x(r).
-4
Let u(g) be the first derivative of -5/2*g**2 + 1/3*g**3 - 4 + 5*g. Give u(4).
1
Let l(t) = -t**3 - 5*t**2 - 4*t - 2. Suppose w - f = 0, 6 - 3 = -w + 4*f. Let n be w*1/((-1)/4). Give l(n).
-2
Let g = -14 - -18. Let r(q) = -8*q**2 + 11*q + 1. Let s(y) = y**2 - y. Let f(z) = -r(z) - 6*s(z). Give f(g).
11
Let c(j) = 2*j**3 - 2*j**2 - 3*j**3 + 0 - 3. Suppose -y = -6*y + 4*r - 2, -4*y + 4*r - 4 = 0. Suppose 4*l - 5*i + 22 = 0, 4*l = y*i + 3 - 19. Give c(l).
6
Let n(l) = -2*l - 9. Let r be n(-6). Suppose -q - 4*q + 1 = -3*o, 4*q - 5*o = -7. Let j(a) = 2*a + 0*a + 3 + a**q + r*a. Calculate j(-4).
-1
Let b be 1/4 + 63/(-12). Let y(p) = -p - 2. Determine y(b).
3
Let c be 5/25*1 + 31/(-5). Let s(z) = -2*z - 4. What is s(c)?
8
Suppose 0 = 2*t + 6 - 0. Let l(x) = x**2 + x + 1. Calculate l(t).
7
Let h(z) = z - 3. Let p be ((-102)/9)/((-8)/12). Suppose -15*c - 6 = -p*c. Calculate h(c).
0
Let p(g) = -2*g**3 + g**2. Let b be ((-6)/4)/((-9)/12). Give p(b).
-12
Let h(c) be the second derivative of -c**5/20 + 5*c**4/6 - 5*c**3/3 + 12*c. Give h(9).
-9
Let f be (3 + 0)/3 + -1. Suppose f = -3*i, 3*v - 4*v + 3*i = -2. Let j(k) = v*k + 0*k - 1 + 7*k**3 + 0*k - k**2. Give j(1).
7
Let a(c) be the first derivative of c**5/30 - c**4/6 + c**3/2 - c**2 + 3. Let u(o) be the second derivative of a(o). Determine u(3).
9
Let u(x) be the second derivative of -x**5/20 + x**4/4 + 5*x**3/6 - 3*x**2/2 - 8*x. Suppose -4*p + 2*a + 12 = 0, -p + 9 = 2*p - 4*a. Give u(p).
12
Let z = -59 + 65. Let r(i) = i - 8. What is r(z)?
-2
Let b(c) = -c**2 + 3*c + 3. Suppose 15*m - 19*m + 20 = 0. Give b(m).
-7
Let o(p) be the first derivative of p**5/60 - 5*p**4/24 - 7*p**3/6 - 3*p**2/2 + 4. Let c(g) be the second derivative of o(g). Give c(5).
-7
Let w(r) = -r**3 + 7*r**2 - 8*r**2 + 6*r**3. Let i(d) = -d**3 + 4*d**2 - 2*d - 4. Let n be i(3). Determine w(n).
-6
Let v(t) = -30*t + 3 + 29*t + 3. What is v(8)?
-2
Let z = 4 - 0. Suppose -t - 3 = -z. Let x(r) = 5*r - t + 3*r - r**2 - 4*r. Calculate x(4).
-1
Let j(c) be the second derivative of -c**3/6 + 3*c**2/2 - 4*c. Calculate j(6).
-3
Let d be 0*-1*(1 + -2). Suppose -i = -d - 1. Let h(t) = -t + 1. Calculate h(i).
0
Let t be 57/(-12) - 1/4. Let b(m) = 5*m**2 - 5*m + 10. Let k(z) = -11*z**2 + 10*z - 21. Let p(o) = -13*b(o) - 6*k(o). Determine p(t).
-4
Suppose -5*z = 4*q - 7*q + 25, z = 2*q - 5. Let t(l) be the third derivative of 0*l**3 + 0*l - 2*l**2 - 1/8*l**4 + q. Give t(2).
-6
Let u(b) = 4*b - 1. Let p(t) be the second derivative of -3*t**3/2 + 3*t**2/2 - t. Let j(i) = 3*p(i) + 7*u(i). Suppose 0*w = -2*w - 10. What is j(w)?
-3
Let o(f) = -5*f**3 + 12*f**2 - 11*f - 14. Let j(w) = 2*w**3 - 6*w**2 + 6*w + 7. Let l(t) = 7*j(t) + 3*o(t). What is l(-7)?
-7
Let a = 2 + -6. Let d = a + 3. Let t(r) = 3*r**2 - 2*r - 1. Determine t(d).
4
Let a be (-2)/6*0/(-1). Let w(y) be the second derivative of -1/2*y**2 + 0 + 1/6*y**3 - y. Calculate w(a).
-1
Suppose -8 = -w - 4*w - 2*b, -3*w + 3*b + 9 = 0. Let v(s) = s**3 - 1. Determine v(w).
7
Let c be 2/7 + 22/168. Let x(w) be the second derivative of 0 + 1/2*w**2 - 2*w - c*w**4 - 1/6*w**3. Determine x(1).
-5
Suppose -8*g = -3*g. Let r(z) be the second derivative of -z**4/12 - 3*z**2/2 + z. What is r(g)?
-3
Let c(a) be the second derivative of 1/2*a**2 - 4*a - 1/6*a**3 + 0. Calculate c(-3).
4
Let h(k) be the second derivative of -7*k**3/6 + k**2/2 - 10*k. Give h(1).
-6
Let b(l) = -6 + 3*l + l + 3 - l. Let a = -8 + 12. Determine b(a).
9
Let k(i) = -3*i**2 - 2*i - 1. Let t = -2 - -6. Let h be -6*t/(-6) + 0. Suppose 3*q - 4*q = -5*s - 4, -h*q - 3 = -s. What is k(s)?
-2
Let q(h) = -2 + 3 + 1 + h. Let u be q(-1). Let k(t) = 5 - u + 2*t - t - 3. Calculate k(-3).
-2
Let z = 1 - -2. Suppose 0 = -3*r + z + 3. Let o(c) = -2*c**2 + 4*c**3 - c**3 - 2*c**3 - 1 + 2*c. Determine o(r).
3
Let f(j) = -7*j**2 + 5*j + 13. Let a(y) = 6*y**2 - 5*y - 12. Let x(c) = -c - 1. Let r be x(4). Let d(o) = r*f(o) - 6*a(o). Give d(5).
7
Let p(u) be the second derivative of u**5/30 + u**4/12 - 3*u**3/2 - u. Let z(f) be the second derivative of p(f). Calculate z(-3).
-10
Let m(v) = 403*v**3 - 199*v**3 + 3*v - 4*v**2 - 205*v**3 + 5. What is m(-4)?
-7
Let j(g) = -g**2 - 4*g - 2. Let p be j(-5). Let q = p + 11. Let a(r) = -r**2 + 4*r - 4. Calculate a(q).
-4
Let u(x) be the first derivative of 1/4*x**4 + 3 + 1/2*x**2 - 3*x + x**3. Determine u(-3).
-6
Let z(x) = -x**3 + 7*x**2 - x + 8. Let a(k) = k**3 - 8*k**2 + k - 9. Let d(p) = 4*a(p) + 5*z(p). Give d(3).
1
Let t(o) = 10*o + 22. Let l(x) = 3*x + 7. Let h(i) = 7*l(i) - 2*t(i). Determine h(-4).
1
Let t be 2/(-1)*(-30)/12. Let y(s) = -s**3 + 5*s**2 - 3*s - 3. Let n(l) = l + 1. Let u(b) = -4*n(b) - y(b). Calculate u(t).
-6
Let f be 1 - (0 + 1*-2). Let o = f - 4. Let q(l) = -8*l - 1. Give q(o).
7
Let n(f) = 2*f - 2. Let s be (6 + 2)*14/28. Calculate n(s).
6
Let o(y) = 113 - y**3 - y**2 + 5*y**2 - 58 - 59. What is o(4)?
-4
Let x(f) = 2*f - 5. Let r be x(4). Let j(u) = -3 - r + 5*u - 3*u + 5. Calculate j(-3).
-7
Let s be 2/((4 + -1)/(-3)). Let k(h) be the second derivative of h**3/3 + 3*h**2/2 - h. Calculate k(s).
-1
Let f = -2 + 2. Let g(h) = f*h + 3*h - 4*h. Let l(k) = -4*k - 2. Let v(z) = -3*g(z) + l(z). What is v(-4)?
2
Let z(h) be the third derivative of -11*h**5/60 - h**4/24 - 14*h**2. Calculate z(1).
-12
Let g = -14 - -17. Let i(x) = x - 1. Give i(g).
2
Let g(h) be the first derivative of h**5/120 - h**4/24 - h**3/3 - 2. Let r(u) be the third derivative of g(u). Calculate r(5).
4
Suppose -u = 3*l + 2*u - 135, -u + 213 = 5*l. Suppose -5*a + l = 12. Let r(h) = -h**2 + 6*h - 3. Determine r(a).
-3
Let x(p) = 2*p + 4. Let w be x(-4). Let d(u) = u - 1. Determine d(w).
-5
Let q = 18 - 19. Let a(p) = p - 1. Calculate a(q).
-2
Let h(r) be the third derivative of -r**6/120 - r**5/12 + r**4/6 + 7*r**3/6 + 7*r**2. Give h(-6).
19
Let l be (-22)/(-6) + 6/(-9). Let h(m) = m**2. Let g(o) = -5*o**2 - o. Let a(b) = -g(b) - 6*h(b). Determine a(l).
-6
Let r = -1 - -1. Suppose r = -l + 6*l + 25. Let m(z) = -z**2 - 7*z - 7. Determine m(l).
3
Let m = -15 + 11. Let a(h) = -h**2 + 7*h - 1. Let q be a(5). Let k(v) = q*v + 3 + 2 - 3*v + v**2. Determine k(m).
-3
Let f(r) be the third derivative of r**6/120 + r**5/20 + r**4/6 + 2*r**3/3 - r**2. Let b be (-6)/4*28/(-6). Suppose 5*p + b = -8. What is f(p)?
-8
Let x = 47 + -53. Let r(b) = b**2 + 4*b - 7. Calculate r(x).
5
Let r be -1*(4/2)/2. Let v(x) = x**2 + x. Let h(s) = -2 + s**2 + 5*s**3 + 0 + 3*s - 3*s**3 + 3. Let p(c) = r*h(c) + 3*v(c). Determine p(-1).
3
Let z = 4 - 6. Let h(y) = -4*y - 3. Let b be h(z). Let r(p) = -3 - 6*p - 3 + 2 + 6 + p**2. What is r(b)?
-3
Suppose 0*t = 5*n + 3*t - 1, 0 = 4*n + t - 5. Let y = 14 + -9. Suppose -2*s = y*c + 23, 25 = -n*c - 3*c. Let f(v) = 4*v**2 + v - 1. Give f(s).
4
Let j(r) = r + 3. Suppose -w = -3*w + m - 7, 0 = -5*w - 2*m - 22. Calculate j(w).
-1
Let g be 1*(2 - -1) + -2. Let c(m) = 1 - g - m**2 - 9*m**2. Suppose 5*f + 21 = -4*q, 15 = 5*q - f - f. Give c(q).
-10
Let x(v) = -3*v**2 + 4*v + 3. Let h(r) = 3*r**2 - 5*r - 4. Let m(s) = -3*h(s) - 4*x(s). Determine m(-1).
4
Let u(t) = 0 - 3 - t**2 - 2*t + 0*t**2. Let m be 1/((-4)/16*2). What is u(m)?
-3
Suppose 5*u = 5*b + 10, 4*b - 2*u - 32 = -6*u. Suppose b*y + 2*x - 13 = 0, 4*y + 0 + 1 = x. Let v(o) = 3*o**3 - 2*o**2 + 2*o - 1. Calculate v(y).
2
Let p(h) be the first derivative of 1/120*h**5 + 0*h - 1/60*h**6 + 0*h**2 + 1/24*h**4 + 1/3*h**3 - 2. Let i(q) be the third derivative of p(q). What is i(-1)?
-6
Suppose -3*x + 6*x + 2*l = 0, -x - 3*l = 7. Let r(s) = x + 5 - 5*s + 6*s. Suppose -2*k - 15 = -5. Give r(k).
2
Let j(q) = -q**2 + 6*q - 10. Let r be j(3). Let g = -5 + 7. Let x(c) = 2*c**g + 2*c**2 + 0*c**2 + c + 1. Calculate x(r).
4
Suppose 5 = -4*f + 25. Suppose -11 = -3*r - f. Let q(h) = h + 0*h + 1 + h + 5*h**r. What is q(-1)?
4
Let z(s) be the second